68 is divided by q?
14
Suppose 0 = -2*d + d - 1, n - 1 = -2*d. Suppose 2*b = 2*h + 22, -2*b + 7 + 30 = n*h. Calculate the remainder when 35 is divided by b.
7
Suppose -5*c + 4*d + 361 = 129, -12 = 4*d. What is the remainder when 96 is divided by c?
8
Suppose 3*a - 2*a + 2*p = 42, 3*p + 184 = 5*a. Let r = 65 - a. Calculate the remainder when 133 is divided by r.
25
What is the remainder when 351 is divided by 1125/35 - (-6)/(-42)?
31
Suppose -4*z + 12 = -112. Let c = 110 - 152. What is the remainder when z is divided by 3/(c/(-4)) + (-4620)/(-294)?
15
Suppose 4*c - c - 247 = 4*t, -3*t = -3*c + 183. Suppose 5*n + 3*r - 14 - 23 = 0, -4*r = -5*n + 44. What is the remainder when 1/(-3 + t/(-21)) is divided by n?
5
Let l be ((-3 - -10)/1)/((-4)/(-28)). Let c = l - 14. What is the remainder when 209 is divided by c?
34
Let t(p) = p**3 - 16*p**2 + 41*p - 4. Calculate the remainder when 56 is divided by t(13).
12
Let u(m) = -6*m + 43*m**2 - 37*m**2 + 3 + 4 + 1. What is the remainder when u(4) is divided by 17?
12
Suppose 5*z - 564 = -7*z. What is the remainder when 106 is divided by z?
12
Let g be 12/30*3/(3/10). Let k(q) = 2*q - 3. Suppose f + 2 = -2*n + 6, -2*f = 2*n - 16. Calculate the remainder when f is divided by k(g).
2
Suppose -5*z = -5*d + 55, -68*d = -71*d + 2*z + 37. What is the remainder when 371 is divided by d?
11
Suppose 3*j = -3*u + 903, -j + 4*u + 233 + 88 = 0. Calculate the remainder when j is divided by 34.
33
Let b = -22 + 48. What is the remainder when b is divided by ((-1)/(10/42))/((-27)/90)?
12
Suppose -9*a - 20*a + 288 = -988. Suppose -2*c - 798 = 4*u - 4*c, 3*u - c + 600 = 0. Calculate the remainder when a is divided by u/(-9) + (-4)/(-6).
21
Let a = 268 + -78. Calculate the remainder when 383 is divided by a.
3
Suppose -23 = -2*l - 3*m, 37 - 15 = l + 5*m. What is the remainder when 81 is divided by l?
4
Let s(b) = -7*b - 77. What is the remainder when 269 is divided by s(-12)?
3
Let l(s) = s**3 - 2*s + 50. Let w be l(0). Suppose 5*a - 30 = w. Calculate the remainder when 175 is divided by a.
15
Let b be (-1)/(-4)*0 + 4 + 1. Let p(z) = z**2 - 5*z + 5. What is the remainder when p(b) is divided by 3?
2
Let w = -766 - -895. What is the remainder when w is divided by 67?
62
Suppose 6 = -3*s + 51. Suppose 5*w - 14 = 4*i, 3*w + 2*i - 2 = -2*i. Suppose s = w*t - 17. Calculate the remainder when 46 is divided by t.
14
Suppose 2*w - 250 = -3*n + 92, -4*n + 433 = -5*w. Let c = 120 - n. Calculate the remainder when 22 is divided by c.
6
Let i(a) = -13*a - 3. Let q be i(-3). Suppose -p + q = -0*p. Let m(g) = -2*g**3 - 164*g**2 - 162*g + 13. What is the remainder when p is divided by m(-81)?
10
Let l(w) be the third derivative of -w**5/60 + w**4/4 - w**3/3 - 41*w**2. Let r = 31 + -20. Calculate the remainder when r is divided by l(5).
2
Let f = 793 - 634. Calculate the remainder when f is divided by 9.
6
Let y = 434 - 398. Suppose 0 = 4*m + 124 - 688. What is the remainder when m is divided by y?
33
Suppose 0 = -4*t - o + 111, -20*o + 23*o = 4*t - 99. Calculate the remainder when ((-212)/(-6))/(2/6) is divided by t.
25
Let n(x) = -x**3 + 26*x - 4. Let l be n(-6). Suppose 3*z - l = 25. Calculate the remainder when z is divided by 15.
12
Let r = -794 + 815. Suppose -4*y + 14 = -5*b, b + 2*y = -3*y + 3. Let t(q) = -q**3 + q**2 - q - 2. What is the remainder when r is divided by t(b)?
9
Let h(y) = -18*y - 19. Calculate the remainder when h(-3) is divided by 6.
5
Suppose -3*d + 3*f = -9, 2*f + 10 + 4 = 4*d. Suppose d*a + 0*a - 5*v = 7, -a - 1 = -4*v. What is the remainder when 10 is divided by a - (0 - (-1)/(-1))?
2
Let s(g) = g**3 - 3*g**2 - 25*g - 1. What is the remainder when s(7) is divided by 14 + 3/(-3) + -2?
9
Let y = 56 + -43. Calculate the remainder when 112 is divided by y.
8
Let r = 177 + -314. Let k = 183 - 271. Let j = k - r. What is the remainder when j is divided by 10?
9
Let j(k) = k**2 - 4*k - 26. Calculate the remainder when 21 is divided by j(8).
3
Let y(w) = -2*w**2 + 20*w - 2. Calculate the remainder when 178 is divided by y(8).
28
Let m = -15 - -75. Suppose 0 = 3*h + x - 32, 2*x + x = -5*h + m. Calculate the remainder when 43 is divided by h.
7
Let w be (-922)/(-12) - 2/(-12). Let k = w + -13. Suppose -3*v + 77 = -k. What is the remainder when v is divided by 12?
11
Suppose 2 = 2*g, -2*g - 98 = 15*m - 19*m. Calculate the remainder when m is divided by 4.
1
Let u(h) = 8*h + 3. Suppose -5*w = -i + 14, 5*w - 18 = -5*i + 4*w. What is the remainder when u(i) is divided by 10?
5
Let q be 2694/27 - (-4)/18. Suppose -2*u = 2*u + q. What is the remainder when 98 is divided by u/(2*(-1)/2)?
23
Let b(y) = y**3 + 15*y**2 + 7*y - 13. Let k be b(-13). Suppose -c = 8*c - k. Calculate the remainder when (0 - (0 - -1))*-75 is divided by c.
23
Suppose 0 = -h + 3*r + 4, r + 4 = h - 0*h. Suppose -s - 2*s = -15, h*s = 4*l + 288. Let a = 26 - l. What is the remainder when a is divided by 32?
29
Suppose -3*j - 267 = -4*p, 150 = p + p + 4*j. Suppose o = -3*o - x + 142, 2*o + 3*x - 76 = 0. What is the remainder when p is divided by o?
34
Let a = -162 + 321. Let p = -97 + a. Suppose 0*j + 48 = 3*j. Calculate the remainder when p is divided by j.
14
Suppose v - 53 = -39. Let d(z) = 2*z**2 - 29*z + 18. Let g = -12 - -22. What is the remainder when g is divided by d(v)?
2
Calculate the remainder when 115 is divided by (-3 + -29)*2/(-8).
3
What is the remainder when 85 is divided by ((-2)/(-6))/((-18)/(-54)) - -28?
27
Calculate the remainder when 186 is divided by (-2)/(-7) - 334/(-7).
42
Let h be (4/10)/((-2)/(2*-5)). Let r = h - -6. What is the remainder when 15 is divided by r?
7
Suppose 2*r + 0 = 4. Suppose 0 = r*x + 9 - 45. Calculate the remainder when x is divided by 5.
3
Suppose 32 = m - 35. Calculate the remainder when m is divided by 26.
15
Suppose 384 = -5*q - 2*z, -z - 4*z = q + 63. Calculate the remainder when 4/(16/q)*-2 is divided by (120/(-16))/((-3)/8).
19
Suppose 7*v = 10*v - 294. Let n = -64 + v. Calculate the remainder when n is divided by 3.
1
Suppose 5*c - 125 = 5*l, 4*c + 10*l - 118 = 8*l. Calculate the remainder when c is divided by 20*((-12)/(-5) - 2).
4
Let v(b) = b + 2. Let d be v(3). Suppose -3*o = 3*n + 13 - 1, d*n = 0. Let m(w) = w**2 + 5. Calculate the remainder when 41 is divided by m(o).
20
Suppose 4*y + 2*w = -96, -5*y + 5*w + 79 = 214. Let c = y - -46. Suppose -2*l + 6 + 18 = 0. Calculate the remainder when c is divided by l.
9
Calculate the remainder when 676/11 + 18/33 is divided by 9.
8
Suppose 11*i - 17*i = -66. What is the remainder when 244/i - ((-210)/(-66) - 3) is divided by 8?
6
Let d(f) = -6*f - f**2 - 5 - 7*f - f + 3*f. Suppose 0 = 4*b - 4 + 44. Calculate the remainder when 12 is divided by d(b).
2
Let a(k) = -13*k - 230. Calculate the remainder when 31 is divided by a(-19).
14
Suppose 0 = -3*a + 4*z - 286, -2*a + 2*z - 86 - 104 = 0. Let s = -67 - a. What is the remainder when s is divided by 10?
7
Let f = -195 + 225. What is the remainder when 129 is divided by f?
9
Suppose 2*r = -c - c - 12, -4*r = 8. Calculate the remainder when (16 - -1 - (c - -7))*1 is divided by 9.
5
Suppose -5*w - 9 - 66 = 0. Suppose -2*s = -4*j - 84, -4*s - s + 216 = -4*j. What is the remainder when s is divided by (-3)/(18/w)*6?
14
Suppose 5*j - 5*a - 130 = 0, -9 + 127 = 4*j - 2*a. Suppose 3*z - 9 = w, w = -4*z - z + 15. Suppose 15 + z = 2*k. What is the remainder when j is divided by k?
6
Let d(w) = w**2 + 15*w + 21. Calculate the remainder when 566 is divided by d(-14).
6
What is the remainder when (1 + 5)*(-38)/(-6) is divided by (-97)/19 + 30/6 + 382/19?
18
Let t = -988 - -1027. What is the remainder when 379 is divided by t?
28
Let t be (-1 - 2)/((-6)/216). Suppose s - 3*b = -12 + t, 4*b - 242 = -2*s. Let d(v) = v**2 + v + 7. What is the remainder when s is divided by d(-4)?
16
Let s be (-69)/3*3/(-3). Suppose 0 = 3*h + h + 3*g - 47, s = h - 3*g. Calculate the remainder when 25 is divided by h.
11
Let k = 0 + -3. Let p = k - -19. Let i(a) = a**2 - 11*a + 86. Calculate the remainder when i(8) is divided by p.
14
Suppose 22*s - 112 = 21*s. Let b = s + -94. What is the remainder when b is divided by 15?
3
Let a = 2125 + -2076. What is the remainder when 1174 is divided by a?
47
Suppose 0 = 5*v - 5*a - 55, -4*a + 0*a + 84 = 4